t a(y) = 0*y**2 - 2*y**2 + 3*y - 2*y + y**2 - 1 - y**3. What are the prime factors of a(-3)?
2, 7
Let q(k) = k**2 - 16. Let i be q(0). Let v be i/(-72) - (-40)/(-18). Let g = v - -15. List the prime factors of g.
13
Let p(v) = v - 7. Let k be p(9). Suppose -2*a - 5*u = -3*u - 12, 0 = k*a - u - 15. List the prime factors of a.
7
Let v be (-13)/(-4) + 1/(-4). Let x(j) = j + 7. Let p be x(-4). Suppose 11 = p*i - 3*u - u, 12 = v*i - 3*u. List the prime factors of i.
5
Let b(n) = -2*n + 2. Suppose 0 = -2*o - 4*x - 24, -4*o - 6*x = -2*x + 32. Let z be (-9)/(-6)*o/3. What are the prime factors of b(z)?
2, 3
Let i = -38 - -63. List the prime factors of i.
5
Suppose 5 = 7*t - 2*t. Let p(b) be the first derivative of 3*b**2 - b - 4. List the prime factors of p(t).
5
Let p = 44 + -36. What are the prime factors of p?
2
Let k(u) = 2*u**2 + 6*u - 6. Let r be k(-8). Suppose -3*m = m + z - 148, -2*m - z + r = 0. List the prime factors of m.
37
What are the prime factors of 13 + -2*1/2?
2, 3
Suppose -6*o = -3*o - 6. Suppose -27 - 61 = -o*n. List the prime factors of n.
2, 11
Let d be (2 + 0)*3/2. What are the prime factors of -3*14/(-6) - d?
2
Suppose 2*p + 2*p + 44 = 0. Suppose -10 = -l + 3*r, l + 0*l - 5 = 4*r. Let w = l + p. What are the prime factors of w?
2, 7
Let p(z) = 3*z + 5. What are the prime factors of p(10)?
5, 7
Let i = 17 + -5. Let u(t) = -t. Let y be u(4). Let k = y + i. List the prime factors of k.
2
Let a(c) = -c**2 + 13*c - 10. List the prime factors of a(7).
2
Suppose -7*m + 66 = 5*r - 3*m, -4*r + 5*m + 61 = 0. Let q = 17 - 23. List the prime factors of 2/(q/9) + r.
11
Let u = 5 - -15. Let o = -8 - -13. Suppose 2*j = o*i - u, -3*i - j - 4 = j. What are the prime factors of i?
2
Let l = -12 + 17. Suppose -r + l*z = 17, -2*r + 3*z + 0*z - 6 = 0. What are the prime factors of r?
3
Suppose 0*m = -2*m + 40. Let f be (-8)/36 - (-176)/(-18). Let h = f + m. What are the prime factors of h?
2, 5
Let t(h) = -h**2 + 2*h + 1. Let o be t(2). Let b be -3*o*(-6)/(-9). List the prime factors of 0 + b/4*-22.
11
Let i = -12 + 16. What are the prime factors of i?
2
Let w(v) be the second derivative of -v**8/6720 + v**7/420 - v**6/180 - v**4/6 - 3*v. Let h(k) be the third derivative of w(k). List the prime factors of h(5).
5
Let z(c) = 3*c + 2. Let q(r) = -19*r - 13. Suppose 3*h + 12 = h. Let n(a) = h*q(a) - 39*z(a). What are the prime factors of n(-1)?
3
Suppose 0 = -3*q + 1 - 10. Let b be 4/6 - 13/q. Suppose b*k - 49 = 1. List the prime factors of k.
2, 5
Let r(y) be the third derivative of y**4/12 - 25*y**3/6 - 2*y**2. Let w(x) = -x + 13. Let p(b) = -4*r(b) - 7*w(b). What are the prime factors of p(6)?
3
Let i = 3 - 3. Suppose -4 = 2*b - 4*k, 3*b + i*b - 3*k = 6. What are the prime factors of b?
2, 3
Suppose -3*k - 3 - 21 = -m, -4*m = 3*k - 126. What are the prime factors of m?
2, 3, 5
List the prime factors of (7/(-3))/(3/(-135)).
3, 5, 7
Suppose -2*v + 73 = -v. What are the prime factors of v?
73
Let j(q) = q**3 - 4*q**2 + 3*q - 4. Let w be j(4). Let z = w - 4. Suppose -y = 5, -3*g - y = z*y - 29. What are the prime factors of g?
2, 3
Let p be 2/6 - (-38)/3. Suppose 0 = -5*m - p + 73. What are the prime factors of m?
2, 3
Let u be (-6)/(-2) - 0/3. Suppose 0 = 5*q - 0*q - u*y - 3, -26 = -2*q - 5*y. List the prime factors of q.
3
Let q = 25 - -9. Suppose 0 = 2*y + 8 - q. Let a = 25 - y. What are the prime factors of a?
2, 3
Let b be ((-4)/(-6))/((-4)/(-18)). Suppose 3*s - b - 6 = 0. Suppose 0*a = -3*a + 15, 4*k = s*a + 5. What are the prime factors of k?
5
Let a be ((-18)/(-15))/(1/(-5)). Let q = 34 + a. What are the prime factors of q?
2, 7
Suppose 2 = -3*t - 4. Let z(m) = 5*m**2 + 2*m + 2. Let h be z(t). Suppose h = 3*s - 18. List the prime factors of s.
2, 3
Suppose 0*j = -3*j. Suppose 0*i + o + 6 = i, 4*i - 5*o - 25 = j. What are the prime factors of i?
5
Suppose -17*a + 2704 - 358 = 0. List the prime factors of a.
2, 3, 23
Let a(x) = -x**3 - 8*x**2 + 12*x - 1. Let t be a(-9). Let u = t - -47. What are the prime factors of u?
19
Let m(p) = -p**3 + 5*p**2 - p + 1. Let q be m(5). Let n be 18/5 + q/(-10). What are the prime factors of n - 4 - (0 - 7)?
7
Let y(w) be the third derivative of 7*w**5/60 + w**4/24 + 3*w**2. What are the prime factors of y(1)?
2
Let i(h) = 41*h**2 - 3*h + 4. List the prime factors of i(2).
2, 3
Suppose -4*p + 5*k - 53 = 0, 2*k + 6 = 2*p + 6*k. Let m = p + 7. Suppose 4*i = -20, m = -4*j + 4*i + i + 77. List the prime factors of j.
13
Suppose -2*g - 86 = -4*u, -u + 2*u = -2*g + 19. Let l = u - 11. List the prime factors of l.
2, 5
Suppose -5*q + 3*l + 3 = -219, -2*q + 104 = -5*l. Suppose n = -2, -n = 4*y + 2*n - q. Suppose -2*j + 5*v = -0*j + 3, -j + y = 2*v. List the prime factors of j.
2, 3
Let f be 132/9*18/12. Suppose h = -3*v + f, 2*v - 4*v = 5*h - 6. What are the prime factors of v?
2
Let q(t) = -t - 6. Let y be q(-7). Suppose -3*s = -4*o + 2 + 3, -5*o = -2*s - y. List the prime factors of (-1 - -2 - o)/1.
2
Suppose -3*z - z - 12 = 0. Let b = z - 1. Let d(u) = -4*u - 4. List the prime factors of d(b).
2, 3
Suppose p + 6 = 2*k + 1, 0 = k + p - 7. Suppose 0 = 2*f - k - 14. What are the prime factors of f?
3
Suppose 5*i + 34 = -2*u, 4*u + 15 = -3*i + u. Let y(a) = -3*a + 4. What are the prime factors of y(i)?
2, 7
Let j(z) = 35*z**3 + z. What are the prime factors of j(1)?
2, 3
Let k = 40 + -37. List the prime factors of k.
3
Let o = -3 - -13. Suppose o = k + 9. Suppose -41 = -5*z - k. What are the prime factors of z?
2
Let r = 501 - 322. What are the prime factors of r?
179
Suppose 2*y + j - 2 = 0, 2*y - 3*j - j = 12. Suppose 3*i - y*o = 36, -3*o - 2 = 2*i - 13. List the prime factors of i.
2, 5
Let a be 20/8*(-6)/(-5). Let q(o) = 2*o**3 - 2*o**2 - 16*o**3 - 3*o + a*o + 1. What are the prime factors of q(-1)?
13
Let i = -1 + 3. Suppose s - 15 = -0*d - d, i*d - 2*s = 14. What are the prime factors of d?
11
Suppose -3*u - 83 = -3*n - 5*u, 3*u - 140 = -5*n. List the prime factors of n.
31
Suppose 171 = 5*v - 3*b, v + 161 = 6*v + 2*b. What are the prime factors of v?
3, 11
Let u be -4*(98/(-8) - 1). Suppose -3*j + 2*l + 50 = 0, -3*j + 2*l + 3*l = -u. List the prime factors of j.
2
Suppose -3*j + 4*j - 8 = 0. List the prime factors of j.
2
Suppose 4*w - 1301 = -5*a + 161, -4*w = 3*a - 882. What are the prime factors of a?
2, 5, 29
Let g be 256/(-14) + (-6)/(-21). Let o be 4/8 - g/4. Suppose -n - 3*n + 110 = o*b, 0 = 2*n - 10. What are the prime factors of b?
2, 3
Let t be 6/15 + (-174)/(-15). List the prime factors of 594/t*2/3.
3, 11
Let f = 61 + 147. What are the prime factors of f?
2, 13
Let v(f) = f**3 + 8*f**2 - f - 10. Let x be v(-8). Let t be (0 - (3 + x))*-4. Suppose -t*q - q + 60 = 0. List the prime factors of q.
2, 3
Suppose s - 82 = 31. List the prime factors of s.
113
Suppose -v = -3*j + 30, 0*v - 3*v = -3*j + 78. Let i = 37 + v. List the prime factors of i.
13
Let n = 23 - 13. Let g = 9 - n. Let p = 6 + g. What are the prime factors of p?
5
Let y(s) = -s**2 - 31*s + 146. List the prime factors of y(-33).
2, 5
Let j(h) = -h**2 + 6*h + 6. Suppose -2*i = 2*i - 16. Let w be (i - 13)/(6/(-4)). What are the prime factors of j(w)?
2, 3
Suppose 0 = 3*d - 7*d + 44. Let o = d - 6. What are the prime factors of o?
5
Let p be (-3)/6*(-1 + -15). Let t(n) = n**2 - 7*n + 4. Let g be t(p). Let j = 20 - g. What are the prime factors of j?
2
Let w(u) = -u. Let l be w(2). Let j be -3 + 14 - (-8)/(-2). Let x = l + j. List the prime factors of x.
5
What are the prime factors of 4/((-28)/(-21))*(28 - -2)?
2, 3, 5
Suppose -5*s + 2*x + 245 = 0, 5*x - 4*x - 5 = 0. What are the prime factors of s?
3, 17
Suppose 2*f + 2*t = -0*f + 124, 0 = -t - 3. Suppose -3*s - 2*s - 3*w = f, 5*w - 26 = 2*s. Let p = -9 - s. What are the prime factors of p?
2
Suppose -115 = 2*d - 443. What are the prime factors of d?
2, 41
Let x = -32 + 71. Suppose -3*t - x = -2*a, -3*a + 2*t = -13 - 33. What are the prime factors of a?
2, 3
Let c(y) = y**2 - 5. What are the prime factors of c(10)?
5, 19
Let o = 9 + -10. Let h(d) = 11*d**2 + 2*d + 1. What are the prime factors of h(o)?
2, 5
Let l be -1 - (-2 + (-123)/3). Let d = l + -20. What are the prime factors of d?
2, 11
Suppose 4*k - 8*k = 64. Let t = k - -28. What are the prime factors of t?
2, 3
Let k(i) = -2*i**2 +